Dec 01 12:58:56.895 INFO testing kardeiz/rayon-issue against master#8940af3cea4a9a9deabcaf843b2f8cad9a83fc61 for beta-1.31-5
Dec 01 12:58:56.896 INFO running `"docker" "create" "-v" "/mnt/big/crater/work/local/target-dirs/beta-1.31-5/worker-3/master#8940af3cea4a9a9deabcaf843b2f8cad9a83fc61:/target:rw,Z" "-v" "/mnt/big/crater/work/local/test-source/worker-3/beta-1.31-5/master#8940af3cea4a9a9deabcaf843b2f8cad9a83fc61:/source:ro,Z" "-v" "/mnt/big/crater/work/local/cargo-home:/cargo-home:ro,Z" "-v" "/mnt/big/crater/work/local/rustup-home:/rustup-home:ro,Z" "-e" "USER_ID=1000" "-e" "SOURCE_DIR=/source" "-e" "USER_ID=1000" "-e" "CMD=cargo +8940af3cea4a9a9deabcaf843b2f8cad9a83fc61-alt build --frozen" "-e" "CARGO_TARGET_DIR=/target" "-e" "CARGO_INCREMENTAL=0" "-e" "RUST_BACKTRACE=full" "-e" "RUSTFLAGS=--cap-lints=warn" "-e" "CARGO_HOME=/cargo-home" "-e" "RUSTUP_HOME=/rustup-home" "-m" "1536M" "--network" "none" "crater"`
Dec 01 12:58:57.249 INFO [stdout] 743b33af4102624fac0472f5c21547be7be70388c401be6c76231c43e5130d28
Dec 01 12:58:57.252 INFO running `"docker" "start" "-a" "743b33af4102624fac0472f5c21547be7be70388c401be6c76231c43e5130d28"`
Dec 01 12:58:58.111 INFO [stderr] usermod: no changes
Dec 01 12:58:58.190 INFO [stderr]    Compiling gcc v0.3.40
Dec 01 12:58:58.191 INFO [stderr]    Compiling num_cpus v1.2.1
Dec 01 12:58:58.191 INFO [stderr]    Compiling serde_json v0.9.9
Dec 01 12:58:58.191 INFO [stderr]    Compiling syn v0.11.8
Dec 01 12:58:59.187 INFO [stderr]    Compiling rayon v0.6.0
Dec 01 12:59:00.617 INFO [stderr]    Compiling rust-crypto v0.2.36
Dec 01 12:59:05.739 INFO [stderr]    Compiling serde_codegen_internals v0.14.1
Dec 01 12:59:08.323 INFO [stderr]    Compiling serde_derive v0.9.11
Dec 01 12:59:16.264 INFO [stderr]    Compiling rayon-issue v0.1.0 (/source)
Dec 01 12:59:16.799 INFO [stderr] error[E0554]: #![feature] may not be used on the beta release channel
Dec 01 12:59:16.799 INFO [stderr]  --> src/main.rs:1:1
Dec 01 12:59:16.799 INFO [stderr]   |
Dec 01 12:59:16.799 INFO [stderr] 1 | #![feature(field_init_shorthand)]
Dec 01 12:59:16.799 INFO [stderr]   | ^^^^^^^^^^^^^^^^^^^^^^^^^^^^^^^^^
Dec 01 12:59:16.799 INFO [stderr] 
Dec 01 12:59:16.799 INFO [stderr] error[E0554]: #![feature] may not be used on the beta release channel
Dec 01 12:59:16.799 INFO [stderr]  --> src/main.rs:2:1
Dec 01 12:59:16.799 INFO [stderr]   |
Dec 01 12:59:16.799 INFO [stderr] 2 | #![feature(try_from)]
Dec 01 12:59:16.799 INFO [stderr]   | ^^^^^^^^^^^^^^^^^^^^^
Dec 01 12:59:16.799 INFO [stderr] 
Dec 01 12:59:16.799 INFO [stderr] error[E0554]: #![feature] may not be used on the beta release channel
Dec 01 12:59:16.799 INFO [stderr]  --> src/main.rs:3:1
Dec 01 12:59:16.799 INFO [stderr]   |
Dec 01 12:59:16.799 INFO [stderr] 3 | #![feature(custom_attribute)]
Dec 01 12:59:16.799 INFO [stderr]   | ^^^^^^^^^^^^^^^^^^^^^^^^^^^^^
Dec 01 12:59:16.799 INFO [stderr] 
Dec 01 12:59:16.799 INFO [stderr] error[E0554]: #![feature] may not be used on the beta release channel
Dec 01 12:59:16.799 INFO [stderr]  --> src/main.rs:4:1
Dec 01 12:59:16.799 INFO [stderr]   |
Dec 01 12:59:16.799 INFO [stderr] 4 | #![feature(slice_patterns)]
Dec 01 12:59:16.799 INFO [stderr]   | ^^^^^^^^^^^^^^^^^^^^^^^^^^^
Dec 01 12:59:16.799 INFO [stderr] 
Dec 01 12:59:16.799 INFO [stderr] error[E0554]: #![feature] may not be used on the beta release channel
Dec 01 12:59:16.799 INFO [stderr]  --> src/main.rs:5:1
Dec 01 12:59:16.799 INFO [stderr]   |
Dec 01 12:59:16.799 INFO [stderr] 5 | #![feature(associated_consts)]
Dec 01 12:59:16.799 INFO [stderr]   | ^^^^^^^^^^^^^^^^^^^^^^^^^^^^^^
Dec 01 12:59:16.799 INFO [stderr] 
Dec 01 12:59:16.799 INFO [stderr] error[E0554]: #![feature] may not be used on the beta release channel
Dec 01 12:59:16.799 INFO [stderr]  --> src/main.rs:6:1
Dec 01 12:59:16.799 INFO [stderr]   |
Dec 01 12:59:16.799 INFO [stderr] 6 | #![feature(associated_type_defaults)]
Dec 01 12:59:16.799 INFO [stderr]   | ^^^^^^^^^^^^^^^^^^^^^^^^^^^^^^^^^^^^^
Dec 01 12:59:16.799 INFO [stderr] 
Dec 01 12:59:16.799 INFO [stderr] error[E0554]: #![feature] may not be used on the beta release channel
Dec 01 12:59:16.799 INFO [stderr]  --> src/main.rs:7:1
Dec 01 12:59:16.799 INFO [stderr]   |
Dec 01 12:59:16.799 INFO [stderr] 7 | #![feature(conservative_impl_trait)]
Dec 01 12:59:16.799 INFO [stderr]   | ^^^^^^^^^^^^^^^^^^^^^^^^^^^^^^^^^^^^
Dec 01 12:59:16.800 INFO [stderr] 
Dec 01 12:59:16.800 INFO [stderr] error: aborting due to 7 previous errors
Dec 01 12:59:16.800 INFO [stderr] 
Dec 01 12:59:16.800 INFO [stderr] For more information about this error, try `rustc --explain E0554`.
Dec 01 12:59:16.800 INFO [stderr] error: Could not compile `rayon-issue`.
Dec 01 12:59:16.800 INFO [stderr] 
Dec 01 12:59:16.800 INFO [stderr] To learn more, run the command again with --verbose.
Dec 01 12:59:16.800 INFO [stderr] su: No module specific data is present
Dec 01 12:59:17.578 INFO running `"docker" "inspect" "743b33af4102624fac0472f5c21547be7be70388c401be6c76231c43e5130d28"`
Dec 01 12:59:17.868 INFO running `"docker" "rm" "-f" "743b33af4102624fac0472f5c21547be7be70388c401be6c76231c43e5130d28"`
Dec 01 12:59:18.079 INFO [stdout] 743b33af4102624fac0472f5c21547be7be70388c401be6c76231c43e5130d28
